tor of 27180?
True
Is 45 a factor of 9270?
True
Does 11 divide 7574006?
True
Does 59 divide 948076?
False
Is 4 a factor of 91820?
True
Does 22 divide 239426?
True
Does 10 divide 110184?
False
Is 45 a factor of 214875?
True
Is 826625 a multiple of 414?
False
Does 284 divide 3383576?
True
Is 1934553 a multiple of 58?
False
Is 288271 a multiple of 14?
False
Is 10 a factor of 99320?
True
Is 541066 a multiple of 254?
False
Is 8 a factor of 3664584?
True
Is 5 a factor of 136865?
True
Is 81 a factor of 556227?
True
Is 240 a factor of 1410480?
True
Does 167 divide 201054?
False
Is 106 a factor of 6986?
False
Does 765 divide 3505995?
True
Does 15 divide 5361382?
False
Is 26 a factor of 151886?
False
Is 243 a factor of 201690?
True
Is 143514 a multiple of 201?
True
Is 13 a factor of 12844?
True
Does 671 divide 8939062?
True
Is 102 a factor of 704576?
False
Does 7 divide 127090?
False
Does 326 divide 139202?
True
Is 14128250 a multiple of 25?
True
Does 8 divide 61274?
False
Is 9 a factor of 2433144?
False
Is 43 a factor of 968360?
True
Does 62 divide 87916?
True
Does 3 divide 1570353?
True
Is 142 a factor of 271078?
True
Is 32 a factor of 1148306?
False
Is 1438696 a multiple of 161?
True
Is 421122 a multiple of 13?
True
Is 285 a factor of 401289?
False
Does 296 divide 1610930?
False
Is 151 a factor of 122549?
False
Is 165 a factor of 1036496?
False
Is 8070 a multiple of 15?
True
Does 262 divide 428632?
True
Is 562603 a multiple of 23?
True
Does 42 divide 21000?
True
Does 706 divide 398184?
True
Is 92 a factor of 918125?
False
Does 17 divide 2119211?
False
Is 18671531 a multiple of 37?
False
Does 53 divide 971437?
True
Does 137 divide 150238?
False
Does 116 divide 224576?
True
Is 35 a factor of 1560301?
False
Does 1407 divide 1407?
True
Is 21771 a multiple of 41?
True
Is 1989 a factor of 9030060?
True
Does 6 divide 28330?
False
Is 942586 a multiple of 844?
False
Is 20 a factor of 2344040?
True
Is 177 a factor of 457014?
True
Is 1909890 a multiple of 30?
True
Is 33 a factor of 101706?
True
Is 4046 a multiple of 6?
False
Is 10536750 a multiple of 225?
True
Does 132 divide 186384?
True
Does 15 divide 2452815?
True
Does 461 divide 597337?
False
Is 1873402 a multiple of 64?
False
Is 167998 a multiple of 19?
True
Is 14636110 a multiple of 540?
False
Does 21 divide 14914?
False
Is 49 a factor of 14049?
False
Does 67 divide 10152443?
True
Is 2485026 a multiple of 144?
False
Does 29 divide 2415468?
True
Is 135157 a multiple of 11?
True
Is 7775438 a multiple of 1632?
False
Is 647378 a multiple of 241?
False
Does 139 divide 57725?
False
Does 65 divide 209495?
True
Does 331 divide 2960486?
False
Is 12 a factor of 33792?
True
Is 11426 a multiple of 748?
False
Is 39435 a multiple of 239?
True
Is 548550 a multiple of 230?
True
Does 38 divide 161251?
False
Is 94 a factor of 3821594?
False
Is 3 a factor of 34749?
True
Is 3 a factor of 3621?
True
Does 45 divide 15200?
False
Is 180442 a multiple of 83?
True
Does 118 divide 557196?
True
Is 7361401 a multiple of 893?
False
Does 2 divide 1472270?
True
Is 10738 a multiple of 641?
False
Is 12 a factor of 3479207?
False
Is 584850 a multiple of 21?
True
Is 142141 a multiple of 307?
True
Does 40 divide 230600?
True
Is 9914 a multiple of 24?
False
Does 25 divide 23195865?
False
Is 276740 a multiple of 137?
True
Does 114 divide 2887392?
True
Does 374 divide 444938?
False
Is 52012 a multiple of 13?
False
Is 483390 a multiple of 246?
True
Is 343786 a multiple of 19?
True
Is 909011 a multiple of 7?
False
Does 477 divide 2260980?
True
Is 1591 a factor of 316609?
True
Is 19671096 a multiple of 15?
False
Is 13108996 a multiple of 461?
True
Is 12515 a multiple of 2?
False
Is 313 a factor of 219100?
True
Is 368 a factor of 321632?
True
Is 35604 a multiple of 115?
False
Does 308 divide 4098715?
False
Is 10052782 a multiple of 19?
False
Is 201 a factor of 6585694?
False
Does 15 divide 186150?
True
Does 109 divide 1415338?
False
Is 139 a factor of 4745188?
False
Is 3072006 a multiple of 387?
True
Does 78 divide 13881914?
False
Is 495578 a multiple of 181?
True
Is 116578 a multiple of 27?
False
Is 1189902 a multiple of 41?
True
Is 62610 a multiple of 525?
False
Does 33 divide 52955?
False
Does 208 divide 54599?
False
Does 155 divide 1202335?
True
Does 778 divide 2990632?
True
Is 51 a factor of 571812?
True
Does 93 divide 7342154?
False
Is 12 a factor of 347892?
True
Is 43 a factor of 206314?
True
Is 721935 a multiple of 45?
True
Does 15 divide 5820?
True
Is 368183 a multiple of 11?
False
Is 10 a factor of 10120601?
False
Is 9582 a multiple of 140?
False
Is 635420 a multiple of 67?
False
Is 7701306 a multiple of 61?
False
Is 2 a factor of 244588?
True
Is 23814 a multiple of 50?
False
Is 91 a factor of 2523066?
True
Does 3 divide 40828?
False
Does 62 divide 1361010?
False
Does 239 divide 2620908?
False
Is 570435 a multiple of 17?
True
Is 47365 a multiple of 6?
False
Is 47 a factor of 232791?
True
Does 45 divide 10566?
False
Is 328567 a multiple of 19?
True
Does 631 divide 270588?
False
Is 551935 a multiple of 600?
False
Is 11 a factor of 101574?
True
Does 4 divide 50361?
False
Is 27 a factor of 2998310?
False
Is 3744 a multiple of 26?
True
Is 110 a factor of 669164?
False
Does 8 divide 243853?
False
Does 75 divide 1646817?
False
Does 629 divide 1860617?
False
Is 14 a factor of 14683?
False
Is 200 a factor of 439000?
True
Does 78 divide 130650?
True
Does 187 divide 2047650?
True
Is 305850 a multiple of 65?
False
Is 98 a factor of 80850?
True
Is 12 a factor of 252152?
False
Does 11 divide 556798?
True
Is 2441933 a multiple of 13?
True
Is 19 a factor of 809309?
False
Is 49 a factor of 145509?
False
Is 366744 a multiple of 74?
True
Is 86 a factor of 236302?
False
Does 12 divide 58492?
False
Does 26 divide 439218?
True
Is 299041 a multiple of 12?
False
Is 333 a factor of 1481850?
True
Is 8822267 a multiple of 1031?
True
Does 262 divide 38887?
False
Does 641 divide 7509315?
True
Is 4 a factor of 179752?
True
Is 8 a factor of 117544?
True
Is 1326 a factor of 7449089?
False
Is 274988 a multiple of 418?
False
Is 39 a factor of 215572?
False
Is 1501011 a multiple of 23?
False
Does 1481 divide 5187943?
True
Does 344 divide 189544?
True
Does 214 divide 244816?
True
Is 186225 a multiple of 10?
False
Does 678 divide 422394?
True
Is 2700071 a multiple of 328?
False
Does 53 divide 2332657?
False
Does 71 divide 11798354?
True
Is 20875846 a multiple of 71?
True
Does 92 divide 4029792?
False
Is 186 a factor of 1147806?
True
Is 368424 a multiple of 12?
True
Is 202933 a multiple of 14?
False
Does 10 divide 4113340?
True
Is 230643 a multiple of 441?
True
Is 994232 a multiple of 589?
True
Is 109 a factor of 8158214?
True
Is 20472 a multiple of 12?
True
Is 15 a factor of 6968?
False
Does 302 divide 4990205?
False
Is 104 a factor of 127608?
True
Does 50 divide 20580650?
True
Is 112 a factor of 675136?
True
Is 123 a factor of 1760339?
False
Does 13 divide 114634?
True
Does 25 divide 1237687?
False
Is 957136 a multiple of 43?
False
Is 982050 a multiple of 25?
True
Is 11 a factor of 3289?
True
Is 354272 a multiple of 170?
False
Does 101 divide 7398228?
False
Does 13 divide 74204?
True
Is 46 a factor of 517733?
False
Does 68 divide 6899902?
False
Does 38 divide 122436?
True
Is 25521 a multiple of 141?
True
Is 1631408 a multiple of 8?
True
Does 195 divide 11421540?
True
Is 4461447 a multiple of 3?
True
Is 2 a factor of 103684?
True
Does 39 divide 2329392?
True
Is 2349248 a multiple of 188?
True
Is 97 a factor of 253267?
True
Is 198 a factor of 300168?
True
Does 4 divide 20041?
False
Is 9 a factor of 43038?
True
Is 67788 a multiple of 12?
True
Is 7518386 a multiple of 397?
True
Does 308 divide 4453372?
True
Is 260 a factor of 278333?
False
Is 341459 a multiple of 31?
False
Does 21 divide 14994?
True
Is 14 a factor of 6232828?
True
Is 11397447 a multiple of 177?
False
Does 18 divide 290592?
True
Does 841 divide 1963735?
True
Does 24 divide 463288?
False
Does 2 divide 12416?
True
Is 12 a factor of 684703?
False
Does 19 divide 14435743?
False
Is 51 a factor of 1964775?
True
Is 6 a factor of 122694?
True
Is 98532 a multiple of 18?
True
Is 39 a factor of 2287158?
False
Is 34111 a multiple of 11?
True
Is 10 a factor of 290242?
False
Is 14 a factor of 191025?
False
Is 3482328 a m